17488?
2, 1093
What are the prime factors of 4934?
2, 2467
What are the prime factors of 4510?
2, 5, 11, 41
List the prime factors of 44455.
5, 17, 523
What are the prime factors of 4792?
2, 599
What are the prime factors of 973?
7, 139
What are the prime factors of 233?
233
List the prime factors of 20328.
2, 3, 7, 11
List the prime factors of 4413.
3, 1471
What are the prime factors of 2317?
7, 331
List the prime factors of 5111.
19, 269
List the prime factors of 155306.
2, 19, 61, 67
What are the prime factors of 47116?
2, 11779
What are the prime factors of 947?
947
What are the prime factors of 20565?
3, 5, 457
What are the prime factors of 2256?
2, 3, 47
List the prime factors of 6835.
5, 1367
What are the prime factors of 1292?
2, 17, 19
List the prime factors of 3806.
2, 11, 173
List the prime factors of 16791.
3, 29, 193
What are the prime factors of 2621?
2621
What are the prime factors of 88577?
101, 877
What are the prime factors of 1791?
3, 199
List the prime factors of 684.
2, 3, 19
What are the prime factors of 1952?
2, 61
List the prime factors of 333.
3, 37
What are the prime factors of 6815?
5, 29, 47
List the prime factors of 119627.
119627
List the prime factors of 127.
127
List the prime factors of 5650.
2, 5, 113
What are the prime factors of 22864?
2, 1429
What are the prime factors of 5652?
2, 3, 157
List the prime factors of 12129.
3, 13, 311
List the prime factors of 50177.
50177
What are the prime factors of 14111?
103, 137
List the prime factors of 9873.
3, 1097
What are the prime factors of 2044?
2, 7, 73
List the prime factors of 701.
701
What are the prime factors of 7209?
3, 89
What are the prime factors of 26149?
79, 331
What are the prime factors of 939?
3, 313
What are the prime factors of 21567?
3, 7, 13, 79
List the prime factors of 97300.
2, 5, 7, 139
What are the prime factors of 3169?
3169
What are the prime factors of 2805?
3, 5, 11, 17
What are the prime factors of 1602?
2, 3, 89
What are the prime factors of 54?
2, 3
List the prime factors of 10517.
13, 809
List the prime factors of 955.
5, 191
What are the prime factors of 3408?
2, 3, 71
What are the prime factors of 6331?
13, 487
What are the prime factors of 375?
3, 5
List the prime factors of 937.
937
List the prime factors of 89596.
2, 13, 1723
List the prime factors of 13634.
2, 17, 401
What are the prime factors of 7542?
2, 3, 419
What are the prime factors of 9455?
5, 31, 61
List the prime factors of 35698.
2, 13, 1373
List the prime factors of 4228.
2, 7, 151
What are the prime factors of 1433?
1433
List the prime factors of 292.
2, 73
List the prime factors of 57826.
2, 29, 997
List the prime factors of 4218.
2, 3, 19, 37
What are the prime factors of 2125?
5, 17
List the prime factors of 22728.
2, 3, 947
What are the prime factors of 11214?
2, 3, 7, 89
List the prime factors of 3390.
2, 3, 5, 113
List the prime factors of 10452.
2, 3, 13, 67
List the prime factors of 68390.
2, 5, 7, 977
What are the prime factors of 12104?
2, 17, 89
List the prime factors of 1915.
5, 383
What are the prime factors of 45038?
2, 7, 3217
What are the prime factors of 1275?
3, 5, 17
List the prime factors of 15522.
2, 3, 13, 199
List the prime factors of 1055.
5, 211
What are the prime factors of 1316?
2, 7, 47
List the prime factors of 4592.
2, 7, 41
What are the prime factors of 43110?
2, 3, 5, 479
List the prime factors of 6500.
2, 5, 13
List the prime factors of 14475.
3, 5, 193
What are the prime factors of 7607?
7607
List the prime factors of 895.
5, 179
What are the prime factors of 11937?
3, 23, 173
List the prime factors of 18764.
2, 4691
List the prime factors of 19559.
19559
What are the prime factors of 1233?
3, 137
What are the prime factors of 44547?
3, 31, 479
What are the prime factors of 684?
2, 3, 19
List the prime factors of 73683.
3, 2729
What are the prime factors of 4483?
4483
What are the prime factors of 15898?
2, 7949
What are the prime factors of 4211?
4211
List the prime factors of 30540.
2, 3, 5, 509
List the prime factors of 42223.
42223
List the prime factors of 631.
631
What are the prime factors of 1542?
2, 3, 257
What are the prime factors of 30024?
2, 3, 139
List the prime factors of 105999.
3, 89, 397
List the prime factors of 619.
619
What are the prime factors of 19734?
2, 3, 11, 13, 23
List the prime factors of 1918.
2, 7, 137
List the prime factors of 827.
827
List the prime factors of 11393.
11393
What are the prime factors of 13338?
2, 3, 13, 19
What are the prime factors of 30249?
3, 3361
What are the prime factors of 8529?
3, 2843
What are the prime factors of 2865?
3, 5, 191
What are the prime factors of 4458?
2, 3, 743
What are the prime factors of 80?
2, 5
List the prime factors of 2799.
3, 311
List the prime factors of 107353.
31, 3463
What are the prime factors of 10344?
2, 3, 431
What are the prime factors of 30758?
2, 7, 13
List the prime factors of 79202.
2, 199
What are the prime factors of 491?
491
List the prime factors of 11731.
11731
What are the prime factors of 16452?
2, 3, 457
What are the prime factors of 17099?
17099
List the prime factors of 1530.
2, 3, 5, 17
List the prime factors of 8234.
2, 23, 179
What are the prime factors of 817?
19, 43
What are the prime factors of 43?
43
What are the prime factors of 47718?
2, 3, 11, 241
What are the prime factors of 41213?
41213
What are the prime factors of 280?
2, 5, 7
What are the prime factors of 90383?
19, 67, 71
What are the prime factors of 10643?
29, 367
List the prime factors of 3135.
3, 5, 11, 19
What are the prime factors of 957?
3, 11, 29
List the prime factors of 9516.
2, 3, 13, 61
What are the prime factors of 1557?
3, 173
List the prime factors of 2070.
2, 3, 5, 23
List the prime factors of 16762.
2, 17, 29
What are the prime factors of 20042?
2, 11, 911
What are the prime factors of 371?
7, 53
List the prime factors of 26659.
53, 503
What are the prime factors of 6078?
2, 3, 1013
What are the prime factors of 40?
2, 5
What are the prime factors of 607?
607
List the prime factors of 1353.
3, 11, 41
List the prime factors of 7429.
17, 19, 23
List the prime factors of 657.
3, 73
List the prime factors of 53004.
2, 3, 7, 631
What are the prime factors of 22791?
3, 71, 107
What are the prime factors of 1543?
1543
List the prime factors of 120596.
2, 7, 59, 73
What are the prime factors of 6195?
3, 5, 7, 59
What are the prime factors of 12384?
2, 3, 43
What are the prime factors of 3817?
11, 347
List the prime factors of 1924.
2, 13, 37
What are the prime factors of 5420?
2, 5, 271
What are the prime factors of 4344?
2, 3, 181
List the prime factors of 196.
2, 7
List the prime factors of 90844.
2, 13, 1747
List the prime factors of 29156.
2, 37, 197
List the prime factors of 15190.
2, 5, 7, 31
What are the prime factors of 24024?
2, 3, 7, 11, 13
What are the prime factors of 40599?
3, 13, 347
What are the prime factors of 3818?
2, 23, 83
List the prime factors of 903.
3, 7, 43
What are the prime factors of 32776?
2, 17, 241
What are the prime factors of 212?
2, 53
What are the prime factors of 47639?
47639
List the prime factors of 634.
2, 317
List the prime factors of 45011.
19, 23, 103
What are the prime factors of 136?
2, 17
What are the prime factors of 12891?
3, 4297
List the prime factors of 491.
491
What are the prime factors of 6325?
5, 11, 23
List the prime factors of 2250.
2, 3, 5
List the prime factors of 19863.
3, 2207
List the prime factors of 17973.
3, 1997
What are the prime factors of 919?
919
List the prime factors of 35562.
2, 3, 5927
List the prime factors of 1787.
1787
What are the prime factors of 72598?
2, 36299
What are the prime factors of 1884?
2, 3, 157
List the prime factors of 6599.
6599
List the prime factors of 6360.
2, 3, 5, 53
What are the prime factors of 4037?
11, 367
What are the prime factors of 63274?
2, 17, 1861
List the prime factors of 61942.
2, 30971
What are the prime factors of 5674?
2, 2837
What are the prime factors of 291?
3, 97
What are the prime factors of 52441?
229
List the prime factors of 1979.
1979
List the prime factors of 390.
2, 3, 5, 13
List the prime factors of 3967.
3967
List the prime factors of 1148.
2, 7, 41
What are the prime factors of 3781?
19, 199
List the prime factors of 635.
